ppose -7 - 6 = -3*n + 5*q, -q = 2*n - 13. Determine t(n).
9
Let p(z) = -z**3 - 15*z**2 - z - 22. Let u be p(-15). Let o(w) = -w**2 - 8*w - 3. Determine o(u).
4
Let f(u) = -6*u + 4. Let b(z) = -z. Let g = -22 + 17. Let k(r) = -r**3 + r**2 + r + 1. Let y be k(0). Let d(o) = g*b(o) + y*f(o). Determine d(-4).
8
Suppose 3*s - 4 = 2. Let v(a) = 2 + 0*a + 0*a - s*a. Calculate v(2).
-2
Let g(d) be the first derivative of -5*d**2/2 - d - 16. Give g(1).
-6
Let i(f) be the second derivative of f**4/6 + 5*f**3/6 + f**2 + 55*f. Suppose 3 = -2*v + v. Determine i(v).
5
Let w(r) = r**3 + 7*r**2 - r - 5. Let o(x) = 2*x**3 + 14*x**2 - 2*x - 9. Let n(h) = -4*o(h) + 9*w(h). Give n(-7).
-2
Let y(r) = 21 + 4 - 7*r - 28 - r**2. Let v(p) = p**3 - 5*p**2 - 6*p. Let w be v(6). Suppose 3*j - 4 + 19 = w. Give y(j).
7
Let w(c) = 6*c. Let z(k) = 3*k - 5*k + 0*k. Let x(f) = 3*w(f) + 8*z(f). Suppose 4 = 4*d - 3*v + 2, 4*v = -5*d - 13. Determine x(d).
-2
Let y(x) be the first derivative of -3*x**2/2 - 7*x + 4. Calculate y(-5).
8
Let r(n) = n + 1. Let l(x) be the first derivative of -4*x**2 - 7*x - 2. Let w(s) = l(s) + 4*r(s). Let f(q) = -q**2 + 2. Let m be f(2). What is w(m)?
5
Let s(h) = h**2 + 5*h. Let i be s(-4). Let u(a) = 9. Let r = 111 - 108. Let w(y) = -y + 8. Let m(b) = i*w(b) + r*u(b). Calculate m(4).
11
Let j(v) be the second derivative of 1/12*v**4 - 1/2*v**2 + 0 + v + 1/2*v**3. Let s(m) = 2*m + 7. Let d be s(-5). What is j(d)?
-1
Suppose 3*d = 8*d + 5. Let j(u) = 14*u**3 + 2*u + 1. Determine j(d).
-15
Let k = -1 + 1. Suppose k = -i - 0*i. Let w(v) be the first derivative of -v**4/4 - v**3/3 + v**2/2 + 2*v - 3. What is w(i)?
2
Let i(a) be the third derivative of -a**4/12 - 5*a**3/6 - 42*a**2. Give i(-6).
7
Suppose -q - 4*b = b - 10, 2 = 2*b. Let a(w) = -w**2 + 4*w + 7. Calculate a(q).
2
Let b(k) = k**2 + 21*k + 30. Let s be b(-19). Let m(h) = -h**3 - 8*h**2 - h - 6. Give m(s).
2
Let c(j) = j + 8. Let u be c(-6). Suppose u*h - 9 = b, -2*b = -0*b - 5*h + 23. Let m(v) = v - 1. Let l(o) = o. Let y(s) = b*m(s) + l(s). Determine y(-1).
-3
Let p(v) be the first derivative of 2/3*v**3 + 7/2*v**2 - 5*v - 3 - 1/4*v**4. Suppose -2 + 22 = 5*g. Give p(g).
-9
Let i(v) = -v + 1. Let k(j) = 3*j - 7. Let q(r) = -4*i(r) - k(r). Let l be q(-2). Let g(n) = -3*n - n**2 + 4*n**2 - n**2 + 4*n. Calculate g(l).
3
Let j(u) = 3*u**3 - 7*u - 14. Let k(l) = -4*l**3 + 10*l + 21. Let b(h) = -7*j(h) - 5*k(h). Suppose -4*p - 8 = 3*f + f, 4*p = 3*f - 8. Determine b(f).
-7
Let k(v) be the second derivative of -5*v**3/6 - v**2 - 19*v. Determine k(-3).
13
Let r(y) = 84 - 40 - 37 + y. Calculate r(-7).
0
Let t(o) be the third derivative of 1/6*o**3 + 0 + 3*o**2 + 0*o + 0*o**4 - 1/20*o**5. Let d(n) be the first derivative of t(n). Calculate d(1).
-6
Let i(u) = u**3 - 2*u**2 - 4*u - 2. Suppose -5*d = 5*x - 3*d - 18, 0 = 3*x - 4*d - 16. What is i(x)?
14
Let r(a) = -a + 1. Let z be r(-1). Suppose z*j - 4*n = -28, -3*j + 5*j + 3*n = 7. Let l(m) = m**3 + 3*m**2 - 5*m - 5. Determine l(j).
-1
Suppose -8 = -n + 5*n. Let o be (-4)/5 + n/10. Let t(r) = r**3 + 2*r**2 - 1. Let j be t(o). Let x(s) = s + 1. Determine x(j).
1
Suppose -45 = -5*t - 20. Let k(r) = -1. Let h(i) = 2*i - 1. Let j(b) = h(b) - 4*k(b). Give j(t).
13
Let v(d) = -3*d + 2*d - 22*d**2 + 15*d**2. What is v(1)?
-8
Let q(k) = 2*k - 11 - 7*k + 9 + 0*k + k**2. Give q(4).
-6
Let l(s) be the second derivative of -s**4/12 + s**3/6 - 39*s. Give l(2).
-2
Let s(l) = l**3 + 6*l**2 - 7*l + 2. Let h be s(-7). Let z(m) = -m - 4 + 2*m**h + 2*m - m**2. Determine z(3).
8
Let o(d) = -d - 20*d**3 + 0*d + 6*d**3 - 1 + 0*d**3. Calculate o(-1).
14
Let n(d) = -d**2 + 5*d - 6. Let w(z) = -z**2 + 6*z - 7. Let j(v) = -6*n(v) + 5*w(v). What is j(0)?
1
Let z(k) = -k**3 - 6*k**2 - 3*k + 3. Let n be -15*((-20)/12)/(-5). Calculate z(n).
-7
Let y(h) = h**3 - 3*h**2 - 6*h - 3. Let i(s) = -s**3 - 25*s**2 - s - 20. Let d be i(-25). Determine y(d).
17
Let a(c) = 4*c**2 - 2 + 3*c + 2*c**2 + 7*c**3 - 3. Let m(o) = o**3 + o**2 + o - 1. Let h(k) = -a(k) + 6*m(k). Let t be (-1)/((-3)/12*2). Calculate h(t).
-3
Let w be 4/14 - (-340)/35. Let g(m) = m - 10. What is g(w)?
0
Let s(l) be the third derivative of -l**5/60 - l**4/6 + l**3/2 + 30*l**2. Let y = -1 - 2. Give s(y).
6
Let f(t) be the second derivative of -t + 1/2*t**2 + 0*t**4 - 1/6*t**3 - 3/10*t**5 + 0. Calculate f(1).
-6
Let p(a) = 5*a - 16. Let k(v) = v - 3. Let l(u) = -11*k(u) + 2*p(u). Give l(6).
-5
Let z(l) = 8*l**3 - 2*l**2 + 1. Suppose 2*g - 3*t - 11 + 3 = 0, 3*t = -g - 5. Calculate z(g).
7
Let w(z) be the third derivative of -10*z**2 + 1/24*z**4 - 7/6*z**3 + 0*z + 0. Determine w(6).
-1
Suppose 5*r - 16 = -1. Let x be 2/r*(-30)/4. Let y(i) = i**2 + 4*i - 6. What is y(x)?
-1
Let t(y) be the first derivative of y**4/4 + y**3 - y**2 + 5*y + 2. Let i be (3 - 6)/(-3)*2. Suppose -v - i = 2. Calculate t(v).
-3
Let k be 6 + -7 + 1*-2. Let w(x) be the second derivative of -x**3/6 - x**2 + 3*x. Give w(k).
1
Let a(o) = -3*o + 1. Let r be a(-1). Let v(d) be the third derivative of 1/15*d**6 + 0*d**3 + 0*d**5 + 1/24*d**r - d**2 + 0 + 0*d. Determine v(1).
9
Let b(w) = -2*w + 6. Suppose 4*h - 8 - 24 = 0. Give b(h).
-10
Suppose -w - 11 = 2*c, 5 = 5*w - 3*c - 2*c. Let a = w + 6. Let m(n) be the first derivative of n**3/3 - 2*n**2 + n + 10. Calculate m(a).
-2
Suppose -5 = 4*n - 4*j - j, 2*n + 4*j - 4 = 0. Let t(p) = 9*p - 5. Let b(z) = 4*z - 3. Let u(f) = -7*b(f) + 3*t(f). What is u(n)?
6
Let t(z) = -z**3 - 4*z**2 + 6*z - 2. Let p = 32 - 37. Calculate t(p).
-7
Let p(f) be the third derivative of 3*f**2 + 0*f - 1/2*f**3 + 1/24*f**4 + 0. Calculate p(2).
-1
Let t(j) = -3 + 3 - 2 + 4*j. Let w(r) = 2 + 1 - 17*r + 6. Let v(h) = -9*t(h) - 2*w(h). Calculate v(-1).
2
Suppose -2*b - 4*g - 2 = -4*b, 0 = 2*b + 3*g + 12. Let k(a) = 10*a + 13. Let n(j) = -5*j - 7. Let s(i) = -3*k(i) - 5*n(i). Calculate s(b).
11
Let f(l) = l**2 + 3*l + 4*l**2 + 2 - 9*l**2 + l**3 - 2*l. Let j be ((-15)/20)/(1/(-4)). Give f(j).
-4
Suppose 4*b - 5 = 3*f, 2*f - 5 = -3. Let w(t) = 6*t - 4*t + 1 + 2 + t**3 - b*t**3. Suppose 0 = -6*m - 11 - 1. What is w(m)?
7
Let m(i) = 8*i**3 + 17*i**2 + 3*i + 5. Let x(z) = -3*z**3 - 6*z**2 - z - 2. Let p(a) = -4*m(a) - 11*x(a). Calculate p(2).
0
Suppose 0 = 12*o - 9*o - 3. Let b(p) = 6*p**2 - p + 1. What is b(o)?
6
Let l = -3 + 8. Let o(g) = g**2 - 7*g + 4. Give o(l).
-6
Let o(p) = 3*p - 2 + 8 + 1 - 3. Let u be o(-3). Let b(g) = -g + 2. Determine b(u).
7
Let p(i) = i**3 + i**2 - 8. Suppose 0 = 2*k - 4. Suppose 4*u + k*n - 4 = 4, 4*n - 16 = -3*u. Calculate p(u).
-8
Let w(b) be the second derivative of -2*b**3/3 - b**2/2 + 16*b. Give w(-1).
3
Let r(k) = -4*k - 1. Suppose -2*o + 10 = -o + a, -2*o = -5*a + 15. Suppose -3*j = -16 - o. Let v(n) = 6*n + 2. Let z(m) = j*r(m) + 5*v(m). Calculate z(-4).
-5
Let n(o) = 3*o**3. Suppose 110 = 12*a - 2*a. Let p(l) be the first derivative of l**2/2 - 12*l - 1. Let s be p(a). Give n(s).
-3
Let l(h) = -h**2 + 13*h**3 + 2 + h - 11*h**3 - 1. Give l(-1).
-3
Let s(a) be the first derivative of 7*a + 1/2*a**2 - 4. Determine s(0).
7
Let u(b) be the first derivative of -b**2/2 - 4*b - 14. Give u(-7).
3
Let w(h) = h - 13. Suppose 5*i + 5*u = 0, 2*u - u = -5*i + 12. Let o(p) = -3*p + 38. Let d(g) = i*o(g) + 8*w(g). Give d(8).
2
Let s = 12 + -9. Let z(y) = -13*y + s*y - 3 + 2 + 0. Let u be -1*(2 - (-2)/(-2)). Give z(u).
9
Let c(j) = 2*j**2 - 9*j. Let g(b) = -b**2 + b + 1. Let p(f) = c(f) + 3*g(f). What is p(-5)?
8
Let n(k) = -2 - k + 2*k**2 - 3*k**2 - 3*k. Calculate n(-5).
-7
Let b(m) be the second derivative of -m**4/6 + m**3/2 - m. Let u(d) = d**2 - 11*d - 11. Let i be u(12). Suppose 7 = 4*z - i. Calculate b(z).
-2
Let v be (-20)/50*(-1 + 6). Let t(w) = 2*w**3 + 2*w**2 - w. What is t(v)?
-6
Let i(w) be the first derivative of -2*w**3/3 + w**2/2 - w - 20. Determine i(1).
-2
Let w(l) = 8*l - 1. Let n(p) = -7*p. Let f(y) = -4*n(y) - 3*w(y). What is f(-5)?
-17
Let d(y) = 0*y + 4 + y + y - y**2. Let s be d(3). Let o(h) be the third derivative of h**6/60 + h**5/60 - 3*h**2. Give o(s).
3
Let w(d) be the third derivative of -d**6/120 + d**5/10 - 5*d**4/24 + d**3 + 2*d**2. Suppose -3*o + 21 - 6 = 0. Determine w(o).
6
Suppose 2*d = -y + 10, 3*d = d + 8. Let o(x) = -2*x**2 - 1 + 0*x**3 - 3*x + x**2 + y*x + 7*x**3. What is o(-1)?
-